{"id":5358,"date":"2020-08-06T13:58:47","date_gmt":"2020-08-06T17:58:47","guid":{"rendered":"https:\/\/www.clubprovidencia.cl\/restaurante\/?post_type=product&#038;p=5358"},"modified":"2021-06-25T10:30:49","modified_gmt":"2021-06-25T14:30:49","slug":"tabla-peruana","status":"publish","type":"product","link":"https:\/\/www.clubprovidencia.cl\/restaurante\/producto\/tabla-peruana\/","title":{"rendered":"Tabla peruana"},"content":{"rendered":"","protected":false},"excerpt":{"rendered":"<p>Lomo saltado, ceviche mixto, empanadas de aj\u00ed de gallina, causas mixtas (pollo y at\u00fan) y chips de pl\u00e1tano.<\/p>\n","protected":false},"featured_media":7662,"template":"","meta":[],"product_cat":[64],"product_tag":[],"yoast_head":"<!-- This site is optimized with the Yoast SEO plugin v18.8 - https:\/\/yoast.com\/wordpress\/plugins\/seo\/ -->\n<title>Tabla peruana - Restaurante - Club Providencia<\/title>\n<meta name=\"robots\" content=\"index, follow, max-snippet:-1, max-image-preview:large, max-video-preview:-1\" \/>\n<link rel=\"canonical\" href=\"https:\/\/www.clubprovidencia.cl\/restaurante\/producto\/tabla-peruana\/\" \/>\n<meta property=\"og:locale\" content=\"es_ES\" \/>\n<meta property=\"og:type\" content=\"article\" \/>\n<meta property=\"og:title\" content=\"Tabla peruana - Restaurante - Club Providencia\" \/>\n<meta property=\"og:description\" content=\"Lomo saltado, ceviche mixto, empanadas de aj\u00ed de gallina, causas mixtas (pollo y at\u00fan) y chips de pl\u00e1tano.\" \/>\n<meta property=\"og:url\" content=\"https:\/\/www.clubprovidencia.cl\/restaurante\/producto\/tabla-peruana\/\" \/>\n<meta property=\"og:site_name\" content=\"Restaurante - Club Providencia\" \/>\n<meta property=\"article:modified_time\" content=\"2021-06-25T14:30:49+00:00\" \/>\n<meta property=\"og:image\" content=\"https:\/\/www.clubprovidencia.cl\/restaurante\/wp-content\/uploads\/2020\/08\/clubprovidenciarestaurante_118451200_234632321196382_1240515305780487914_n.jpg\" \/>\n\t<meta property=\"og:image:width\" content=\"1080\" \/>\n\t<meta property=\"og:image:height\" content=\"1080\" \/>\n\t<meta property=\"og:image:type\" content=\"image\/jpeg\" \/>\n<meta name=\"twitter:card\" content=\"summary_large_image\" \/>\n<script type=\"application\/ld+json\" class=\"yoast-schema-graph\">{\"@context\":\"https:\/\/schema.org\",\"@graph\":[{\"@type\":\"WebSite\",\"@id\":\"https:\/\/www.clubprovidencia.cl\/restaurante\/#website\",\"url\":\"https:\/\/www.clubprovidencia.cl\/restaurante\/\",\"name\":\"Restaurante - Club Providencia\",\"description\":\"Delivery\",\"potentialAction\":[{\"@type\":\"SearchAction\",\"target\":{\"@type\":\"EntryPoint\",\"urlTemplate\":\"https:\/\/www.clubprovidencia.cl\/restaurante\/?s={search_term_string}\"},\"query-input\":\"required name=search_term_string\"}],\"inLanguage\":\"es\"},{\"@type\":\"ImageObject\",\"inLanguage\":\"es\",\"@id\":\"https:\/\/www.clubprovidencia.cl\/restaurante\/producto\/tabla-peruana\/#primaryimage\",\"url\":\"https:\/\/www.clubprovidencia.cl\/restaurante\/wp-content\/uploads\/2020\/08\/clubprovidenciarestaurante_118451200_234632321196382_1240515305780487914_n.jpg\",\"contentUrl\":\"https:\/\/www.clubprovidencia.cl\/restaurante\/wp-content\/uploads\/2020\/08\/clubprovidenciarestaurante_118451200_234632321196382_1240515305780487914_n.jpg\",\"width\":1080,\"height\":1080},{\"@type\":\"WebPage\",\"@id\":\"https:\/\/www.clubprovidencia.cl\/restaurante\/producto\/tabla-peruana\/#webpage\",\"url\":\"https:\/\/www.clubprovidencia.cl\/restaurante\/producto\/tabla-peruana\/\",\"name\":\"Tabla peruana - Restaurante - Club Providencia\",\"isPartOf\":{\"@id\":\"https:\/\/www.clubprovidencia.cl\/restaurante\/#website\"},\"primaryImageOfPage\":{\"@id\":\"https:\/\/www.clubprovidencia.cl\/restaurante\/producto\/tabla-peruana\/#primaryimage\"},\"datePublished\":\"2020-08-06T17:58:47+00:00\",\"dateModified\":\"2021-06-25T14:30:49+00:00\",\"breadcrumb\":{\"@id\":\"https:\/\/www.clubprovidencia.cl\/restaurante\/producto\/tabla-peruana\/#breadcrumb\"},\"inLanguage\":\"es\",\"potentialAction\":[{\"@type\":\"ReadAction\",\"target\":[\"https:\/\/www.clubprovidencia.cl\/restaurante\/producto\/tabla-peruana\/\"]}]},{\"@type\":\"BreadcrumbList\",\"@id\":\"https:\/\/www.clubprovidencia.cl\/restaurante\/producto\/tabla-peruana\/#breadcrumb\",\"itemListElement\":[{\"@type\":\"ListItem\",\"position\":1,\"name\":\"Portada\",\"item\":\"https:\/\/www.clubprovidencia.cl\/restaurante\/\"},{\"@type\":\"ListItem\",\"position\":2,\"name\":\"Todos los Productos\",\"item\":\"https:\/\/www.clubprovidencia.cl\/restaurante\/todos-los-productos\/\"},{\"@type\":\"ListItem\",\"position\":3,\"name\":\"Tabla peruana\"}]}]}<\/script>\n<!-- \/ Yoast SEO plugin. -->","yoast_head_json":{"title":"Tabla peruana - Restaurante - Club Providencia","robots":{"index":"index","follow":"follow","max-snippet":"max-snippet:-1","max-image-preview":"max-image-preview:large","max-video-preview":"max-video-preview:-1"},"canonical":"https:\/\/www.clubprovidencia.cl\/restaurante\/producto\/tabla-peruana\/","og_locale":"es_ES","og_type":"article","og_title":"Tabla peruana - Restaurante - Club Providencia","og_description":"Lomo saltado, ceviche mixto, empanadas de aj\u00ed de gallina, causas mixtas (pollo y at\u00fan) y chips de pl\u00e1tano.","og_url":"https:\/\/www.clubprovidencia.cl\/restaurante\/producto\/tabla-peruana\/","og_site_name":"Restaurante - Club Providencia","article_modified_time":"2021-06-25T14:30:49+00:00","og_image":[{"width":1080,"height":1080,"url":"https:\/\/www.clubprovidencia.cl\/restaurante\/wp-content\/uploads\/2020\/08\/clubprovidenciarestaurante_118451200_234632321196382_1240515305780487914_n.jpg","type":"image\/jpeg"}],"twitter_card":"summary_large_image","schema":{"@context":"https:\/\/schema.org","@graph":[{"@type":"WebSite","@id":"https:\/\/www.clubprovidencia.cl\/restaurante\/#website","url":"https:\/\/www.clubprovidencia.cl\/restaurante\/","name":"Restaurante - Club Providencia","description":"Delivery","potentialAction":[{"@type":"SearchAction","target":{"@type":"EntryPoint","urlTemplate":"https:\/\/www.clubprovidencia.cl\/restaurante\/?s={search_term_string}"},"query-input":"required name=search_term_string"}],"inLanguage":"es"},{"@type":"ImageObject","inLanguage":"es","@id":"https:\/\/www.clubprovidencia.cl\/restaurante\/producto\/tabla-peruana\/#primaryimage","url":"https:\/\/www.clubprovidencia.cl\/restaurante\/wp-content\/uploads\/2020\/08\/clubprovidenciarestaurante_118451200_234632321196382_1240515305780487914_n.jpg","contentUrl":"https:\/\/www.clubprovidencia.cl\/restaurante\/wp-content\/uploads\/2020\/08\/clubprovidenciarestaurante_118451200_234632321196382_1240515305780487914_n.jpg","width":1080,"height":1080},{"@type":"WebPage","@id":"https:\/\/www.clubprovidencia.cl\/restaurante\/producto\/tabla-peruana\/#webpage","url":"https:\/\/www.clubprovidencia.cl\/restaurante\/producto\/tabla-peruana\/","name":"Tabla peruana - Restaurante - Club Providencia","isPartOf":{"@id":"https:\/\/www.clubprovidencia.cl\/restaurante\/#website"},"primaryImageOfPage":{"@id":"https:\/\/www.clubprovidencia.cl\/restaurante\/producto\/tabla-peruana\/#primaryimage"},"datePublished":"2020-08-06T17:58:47+00:00","dateModified":"2021-06-25T14:30:49+00:00","breadcrumb":{"@id":"https:\/\/www.clubprovidencia.cl\/restaurante\/producto\/tabla-peruana\/#breadcrumb"},"inLanguage":"es","potentialAction":[{"@type":"ReadAction","target":["https:\/\/www.clubprovidencia.cl\/restaurante\/producto\/tabla-peruana\/"]}]},{"@type":"BreadcrumbList","@id":"https:\/\/www.clubprovidencia.cl\/restaurante\/producto\/tabla-peruana\/#breadcrumb","itemListElement":[{"@type":"ListItem","position":1,"name":"Portada","item":"https:\/\/www.clubprovidencia.cl\/restaurante\/"},{"@type":"ListItem","position":2,"name":"Todos los Productos","item":"https:\/\/www.clubprovidencia.cl\/restaurante\/todos-los-productos\/"},{"@type":"ListItem","position":3,"name":"Tabla peruana"}]}]}},"_links":{"self":[{"href":"https:\/\/www.clubprovidencia.cl\/restaurante\/wp-json\/wp\/v2\/product\/5358"}],"collection":[{"href":"https:\/\/www.clubprovidencia.cl\/restaurante\/wp-json\/wp\/v2\/product"}],"about":[{"href":"https:\/\/www.clubprovidencia.cl\/restaurante\/wp-json\/wp\/v2\/types\/product"}],"wp:featuredmedia":[{"embeddable":true,"href":"https:\/\/www.clubprovidencia.cl\/restaurante\/wp-json\/wp\/v2\/media\/7662"}],"wp:attachment":[{"href":"https:\/\/www.clubprovidencia.cl\/restaurante\/wp-json\/wp\/v2\/media?parent=5358"}],"wp:term":[{"taxonomy":"product_cat","embeddable":true,"href":"https:\/\/www.clubprovidencia.cl\/restaurante\/wp-json\/wp\/v2\/product_cat?post=5358"},{"taxonomy":"product_tag","embeddable":true,"href":"https:\/\/www.clubprovidencia.cl\/restaurante\/wp-json\/wp\/v2\/product_tag?post=5358"}],"curies":[{"name":"wp","href":"https:\/\/api.w.org\/{rel}","templated":true}]}}